{"id":4206,"date":"2021-05-22T13:04:51","date_gmt":"2021-05-22T13:04:51","guid":{"rendered":"http:\/\/www.hrservice.it\/hrapp\/?page_id=4206"},"modified":"2023-04-01T10:04:30","modified_gmt":"2023-04-01T10:04:30","slug":"funzionalita-rilevazione-attivita","status":"publish","type":"page","link":"https:\/\/www.hrservice.it\/hrapp\/funzionalita-rilevazione-attivita\/","title":{"rendered":"Funzionalit\u00e0 &#8211; Rilevazione attivita"},"content":{"rendered":"<p>[vc_section section_type=&#8221;hero&#8221; hero_type=&#8221;1&#8243; bg_class=&#8221;bg-tra&#8221; parallax_image_attachment=&#8221;inherit&#8221; padding_class=&#8221;&#8221;][vc_row content_placement=&#8221;&#8221; parallax_image_attachment=&#8221;inherit&#8221;][vc_column width=&#8221;1\/2&#8243; column_inner_style=&#8221;hero-txt&#8221; hero_txt_type=&#8221;1&#8243;]\r\n        <div class=\"hero-txt\"> \r\n            \r\n            <h1 class=\"white-color h1-xl none  wow perch-fadeInUp fadeInUp\" style=\"font-size: 3rem; font-weight: normal;\" data-wow-delay=\"300ms\" data-wow-duration=\"1200ms\">Rilevazione attivit\u00e0<\/h1>         \r\n            <h2 class=\"white-color h2-sm none  wow perch-fadeInUp fadeInUp\" style=\"font-size: 2.5rem; font-weight: bold;\" data-wow-delay=\"400ms\" data-wow-duration=\"1200ms\">Gestisci le attivit\u00e0 in sede o fuori in maniera semplice e veloce<\/h2>\r\n            <h5 class=\"white-color h5-md none lineheight  wow perch-fadeInUp fadeInUp\" style=\"font-weight: normal;\" data-wow-delay=\"500ms\" data-wow-duration=\"1200ms\">Rileva le attivit\u00e0 svolte e le ore di lavoro impiegate dai tuoi dipendenti sulle commesse per sapere quanto guadagni<\/h5> \r\n            \r\n                        \r\n                        \r\n            \r\n                        \r\n                        \r\n            <div class=\"stores-badge  wow perch-fadeInUp fadeInUp\" data-wow-delay=\"600ms\" data-wow-duration=\"1200ms\">\r\n                <a target=\"_self\"  href=\"#freegreen\"  title=\"Prova gratuita\"  class=\"btn btn-arrow btn-rose icon_position-right default-hover store btn-type-dark\"><span>Prova gratuita <i class=\"fa fa-angle-double-right\"><\/i><\/span><\/a>\r\n                \r\n            <\/div>      \r\n        <\/div>[\/vc_column][vc_column width=&#8221;1\/2&#8243;]\r\n        <div class=\"wow perch-fadeInRight fadeInRight hero-1-img\" data-wow-delay=\"300ms\" data-wow-duration=\"1200ms\"> \r\n        <img decoding=\"async\" class=\"vc_single_image-img img-fluid\"  src=\"https:\/\/www.hrservice.it\/hrapp\/wp-content\/uploads\/2023\/04\/hrapp-new-23-3.png\" alt=\"External image\" \/>\r\n        <\/div>[\/vc_column][\/vc_row][\/vc_section][vc_section section_type=&#8221;content&#8221; content_type=&#8221;2&#8243; parallax_image_attachment=&#8221;inherit&#8221; el_id=&#8221;about&#8221;][vc_row parallax_image_attachment=&#8221;inherit&#8221;][vc_column width=&#8221;6\/12&#8243;]\r\n        <div class=\"content-img  wow perch-fadeInLeft fadeInLeft content-2-img\" data-wow-delay=\"300ms\" data-wow-duration=\"1200ms\"> \r\n        <img decoding=\"async\" class=\"vc_single_image-img img-fluid\"  src=\"http:\/\/www.hrservice.it\/hrapp\/wp-content\/uploads\/2021\/05\/rilevazione-attivita-1-1.png\" alt=\"External image\" \/>\r\n        <\/div>[\/vc_column][vc_column width=&#8221;1\/2&#8243;]\r\n        <div class=\"content-txt\"> \r\n        \t\r\n                     \r\n            <h2 class=\"default-color h2-md none  wow perch-fadeInUp fadeInUp\" style=\"font-size: 3rem;\" data-wow-delay=\"300ms\" data-wow-duration=\"1200ms\">Pratico e preciso<\/h2>\r\n             \r\n            <div class=\"  wow perch-fadeInUp fadeInUp\" data-wow-delay=\"400ms\" data-wow-duration=\"1200ms\">\r\n                    \r\n                <\/div> \r\n            <div class=\"  wow perch-fadeInUp fadeInUp\" data-wow-delay=\"500ms\" data-wow-duration=\"1200ms\">\r\n                    <p class=\"grey-color\">Le attivit\u00e0 dei dipendenti vengono collegate ai clienti o progetti per i quali si sta lavorando, in modo da rilevare tempo e risorse che metti in campo<\/p>\n<p>HR APP ti permetter\u00e0 di verificare qual' \u00e8 il tuo margine di guadagno su di un determinato lavoro, oppure quanto tempo e risorse stai spendendo per la realizzazione di un progetto<\/p>\n<p>Puoi integrare l\u2019elenco dei clienti o delle commesse con il tuo gestionale aziendale, in modo da averli sempre allineati<\/p>\r\n                <\/div>\r\n                        \r\n                        \r\n            \r\n             \r\n                       \r\n                        \r\n                  \r\n        <\/div>[\/vc_column][\/vc_row][\/vc_section][vc_section section_type=&#8221;content&#8221; content_type=&#8221;7&#8243; bg_class=&#8221;bg-lightgrey&#8221; parallax_image_attachment=&#8221;inherit&#8221; padding_class=&#8221;wide-10&#8243;][vc_row][vc_column width=&#8221;6\/12&#8243;]\r\n        <div class=\"content-txt\"> \r\n        \t\r\n                     \r\n            <h2 class=\"default-color h2-md none  wow perch-fadeInUp fadeInUp\" style=\"font-size: 3rem;\" data-wow-delay=\"300ms\" data-wow-duration=\"1200ms\">Statistiche e integrazioni<\/h2>\r\n             \r\n            <div class=\"  wow perch-fadeInUp fadeInUp\" data-wow-delay=\"400ms\" data-wow-duration=\"1200ms\">\r\n                    \r\n                <\/div> \r\n            <div class=\"  wow perch-fadeInUp fadeInUp\" data-wow-delay=\"500ms\" data-wow-duration=\"1200ms\">\r\n                    <p class=\"grey-color\">Tramite un pratico strumento di statistica puoi estrarre tutti i dati che ti interessano in tempo reale.<br \/>\nCrea facilmente report basati su dati precisi e tieni sempre sotto controllo l'andamento della tua azienda<\/p>\r\n                <\/div>\r\n                        \r\n                        \r\n            \r\n             \r\n                       \r\n                        \r\n                  \r\n        <\/div>[\/vc_column][vc_column width=&#8221;1\/12&#8243;][\/vc_column][vc_column width=&#8221;5\/12&#8243;]\r\n        <div class=\"content-img  wow perch-fadeInRight fadeInRight content-7-img\" data-wow-delay=\"300ms\" data-wow-duration=\"1200ms\"> \r\n        <img decoding=\"async\" class=\"vc_single_image-img img-fluid\"  src=\"http:\/\/www.hrservice.it\/hrapp\/wp-content\/uploads\/2021\/05\/rilevazione-attivita-2.png\" alt=\"External image\" \/>\r\n        <\/div>[\/vc_column][\/vc_row][\/vc_section][vc_section section_type=&#8221;content&#8221; content_type=&#8221;2&#8243; parallax_image_attachment=&#8221;inherit&#8221;][vc_row parallax_image_attachment=&#8221;inherit&#8221;][vc_column width=&#8221;5\/12&#8243;]\r\n        <div class=\"content-img  wow perch-fadeInLeft fadeInLeft content-2-img\" data-wow-delay=\"300ms\" data-wow-duration=\"1200ms\"> \r\n        <img decoding=\"async\" class=\"vc_single_image-img img-fluid\"  src=\"http:\/\/www.hrservice.it\/hrapp\/wp-content\/uploads\/2021\/06\/smart-working.png\" alt=\"External image\" \/>\r\n        <\/div>[\/vc_column][vc_column width=&#8221;1\/12&#8243;][\/vc_column][vc_column width=&#8221;1\/2&#8243;]\r\n        <div class=\"content-txt\"> \r\n        \t\r\n                     \r\n            <h2 class=\"Default h2-md none  wow perch-fadeInUp fadeInUp\" style=\"font-size: 3rem;\" data-wow-delay=\"300ms\" data-wow-duration=\"1200ms\">Smart working<\/h2>\r\n             \r\n            <div class=\"  wow perch-fadeInUp fadeInUp\" data-wow-delay=\"400ms\" data-wow-duration=\"1200ms\">\r\n                    \r\n                <\/div> \r\n            <div class=\"  wow perch-fadeInUp fadeInUp\" data-wow-delay=\"500ms\" data-wow-duration=\"1200ms\">\r\n                    <p class=\"grey-color\">Pu\u00f2 essere molto utile rilevare le attivit\u00e0 anche di chi lavora da casa. In questo modo i tuoi dipendenti saranno responsabilizzati nel completare le attivit\u00e0 assegnate anche in un contesto dove il tempo lavorato pu\u00f2 essere relativo<\/p>\r\n                <\/div>\r\n                        \r\n                        \r\n            \r\n             \r\n                       \r\n                        \r\n                  \r\n        <\/div>[\/vc_column][\/vc_row][\/vc_section][vc_section section_type=&#8221;contacts&#8221; contacts_type=&#8221;2&#8243; bg_class=&#8221;bg-lightgrey&#8221; parallax_image_attachment=&#8221;inherit&#8221; padding_class=&#8221;wide-100&#8243; el_id=&#8221;freegreen&#8221; css=&#8221;.vc_custom_1620208495363{background-color: #156da9 !important;}&#8221;][vc_row parallax_image_attachment=&#8221;inherit&#8221;][vc_column]\r\n        <div class=\"section-title  wow perch-fadeInUp fadeInUp text-center\" data-wow-delay=\"300ms\" data-wow-duration=\"1200ms\">\r\n            <h2 class=\"white-color h2-sm none\">Vuoi saperne di pi\u00f9?<\/h2>\r\n            <p class=\"white-color p-lg none\">Compila il form per ricevere una consulenza gratuita senza impegno.<\/p>         \r\n        <\/div>[\/vc_column][\/vc_row][vc_row parallax_image_attachment=&#8221;inherit&#8221; padding_top=&#8221;pt-20&#8243;][vc_column width=&#8221;1\/4&#8243;][\/vc_column][vc_column width=&#8221;1\/2&#8243; css=&#8221;.vc_custom_1620202047374{padding-top: 40px !important;padding-right: 20px !important;padding-bottom: 30px !important;padding-left: 20px !important;background-color: #ffffff !important;border-radius: 10px !important;}&#8221;]\n<div class=\"wpcf7 no-js\" id=\"wpcf7-f4029-o1\" lang=\"it-IT\" dir=\"ltr\">\n<div class=\"screen-reader-response\"><p role=\"status\" aria-live=\"polite\" aria-atomic=\"true\"><\/p> <ul><\/ul><\/div>\n<form action=\"\/hrapp\/wp-json\/wp\/v2\/pages\/4206#wpcf7-f4029-o1\" method=\"post\" class=\"wpcf7-form init\" aria-label=\"Modulo di contatto\" novalidate=\"novalidate\" data-status=\"init\">\n<div style=\"display: none;\">\n<input type=\"hidden\" name=\"_wpcf7\" value=\"4029\" \/>\n<input type=\"hidden\" name=\"_wpcf7_version\" value=\"5.9.8\" \/>\n<input type=\"hidden\" name=\"_wpcf7_locale\" value=\"it_IT\" \/>\n<input type=\"hidden\" name=\"_wpcf7_unit_tag\" value=\"wpcf7-f4029-o1\" \/>\n<input type=\"hidden\" name=\"_wpcf7_container_post\" value=\"0\" \/>\n<input type=\"hidden\" name=\"_wpcf7_posted_data_hash\" value=\"\" \/>\n<input type=\"hidden\" name=\"_wpcf7_recaptcha_response\" value=\"\" \/>\n<\/div>\n<div id=\"cf7md-form\" class=\"cf7md-form\">\n\t\t\t<div class=\"mdc-layout-grid\">\n\t\t\t\t<div class=\"mdc-layout-grid__inner\">\n\t\t\t\t\t\t\t\t\t\t\n<\/p>\n\t\t\n\t\t<div class=\"cf7md-item cf7md-text mdc-layout-grid__cell mdc-layout-grid__cell--span-12\">\n\t\t\t<br \/>\n<span class=\"wpcf7-form-control-wrap\" data-name=\"your-name\"><input size=\"40\" maxlength=\"400\" class=\"wpcf7-form-control wpcf7-text wpcf7-validates-as-required\" aria-required=\"true\" aria-invalid=\"false\" value=\"\" type=\"text\" name=\"your-name\" \/><\/span><br \/>\n\t\t\t\t\t\t<div style=\"display: none;\" class=\"cf7md-text-html\">\n\t\t\t\t<div class=\"mdc-text-field \">\n\t\t\t\t\t\n\t\t\t\t\t\t\t\t\t\t\t<label class=\"mdc-floating-label\">Nome<\/label>\n\t\t\t\t\t\t<div class=\"mdc-line-ripple\"><\/div>\n\t\t\t\t\t\t\t\t\t<\/div>\n\t\t\t<\/div>\n\t\t<\/div>\n\t\t\n\t\t\n\t\t<div class=\"cf7md-item cf7md-text mdc-layout-grid__cell mdc-layout-grid__cell--span-12\">\n\t\t\t<br \/>\n<span class=\"wpcf7-form-control-wrap\" data-name=\"your-surname\"><input size=\"40\" maxlength=\"400\" class=\"wpcf7-form-control wpcf7-text wpcf7-validates-as-required\" aria-required=\"true\" aria-invalid=\"false\" value=\"\" type=\"text\" name=\"your-surname\" \/><\/span><br \/>\n\t\t\t\t\t\t<div style=\"display: none;\" class=\"cf7md-text-html\">\n\t\t\t\t<div class=\"mdc-text-field \">\n\t\t\t\t\t\n\t\t\t\t\t\t\t\t\t\t\t<label class=\"mdc-floating-label\">Cognome<\/label>\n\t\t\t\t\t\t<div class=\"mdc-line-ripple\"><\/div>\n\t\t\t\t\t\t\t\t\t<\/div>\n\t\t\t<\/div>\n\t\t<\/div>\n\t\t\n\t\t\n\t\t<div class=\"cf7md-item cf7md-text mdc-layout-grid__cell mdc-layout-grid__cell--span-12\">\n\t\t\t<br \/>\n<span class=\"wpcf7-form-control-wrap\" data-name=\"your-email\"><input size=\"40\" maxlength=\"400\" class=\"wpcf7-form-control wpcf7-email wpcf7-validates-as-required wpcf7-text wpcf7-validates-as-email\" aria-required=\"true\" aria-invalid=\"false\" value=\"\" type=\"email\" name=\"your-email\" \/><\/span><br \/>\n\t\t\t\t\t\t<div style=\"display: none;\" class=\"cf7md-text-html\">\n\t\t\t\t<div class=\"mdc-text-field \">\n\t\t\t\t\t\n\t\t\t\t\t\t\t\t\t\t\t<label class=\"mdc-floating-label\">Indirizzo Email<\/label>\n\t\t\t\t\t\t<div class=\"mdc-line-ripple\"><\/div>\n\t\t\t\t\t\t\t\t\t<\/div>\n\t\t\t<\/div>\n\t\t<\/div>\n\t\t\n\t\t\n\t\t<div class=\"cf7md-item cf7md-text mdc-layout-grid__cell mdc-layout-grid__cell--span-12\">\n\t\t\t<br \/>\n<span class=\"wpcf7-form-control-wrap\" data-name=\"telefono\"><input size=\"40\" maxlength=\"400\" class=\"wpcf7-form-control wpcf7-text\" aria-invalid=\"false\" value=\"\" type=\"text\" name=\"telefono\" \/><\/span><br \/>\n\t\t\t\t\t\t<div style=\"display: none;\" class=\"cf7md-text-html\">\n\t\t\t\t<div class=\"mdc-text-field \">\n\t\t\t\t\t\n\t\t\t\t\t\t\t\t\t\t\t<label class=\"mdc-floating-label\">Telefono (riceverai una sola chiamata da un nostro esperto)<\/label>\n\t\t\t\t\t\t<div class=\"mdc-line-ripple\"><\/div>\n\t\t\t\t\t\t\t\t\t<\/div>\n\t\t\t<\/div>\n\t\t<\/div>\n\t\t\n\t\t\n\t\t<div class=\"cf7md-item cf7md-text mdc-layout-grid__cell mdc-layout-grid__cell--span-12\">\n\t\t\t<br \/>\n<span class=\"wpcf7-form-control-wrap\" data-name=\"numdip\"><input size=\"40\" maxlength=\"400\" class=\"wpcf7-form-control wpcf7-text\" aria-invalid=\"false\" value=\"\" type=\"text\" name=\"numdip\" \/><\/span><br \/>\n\t\t\t\t\t\t<div style=\"display: none;\" class=\"cf7md-text-html\">\n\t\t\t\t<div class=\"mdc-text-field \">\n\t\t\t\t\t\n\t\t\t\t\t\t\t\t\t\t\t<label class=\"mdc-floating-label\">N. Dipendenti da gestire<\/label>\n\t\t\t\t\t\t<div class=\"mdc-line-ripple\"><\/div>\n\t\t\t\t\t\t\t\t\t<\/div>\n\t\t\t<\/div>\n\t\t<\/div>\n\t\t\n<p style=\"text-align:left;\"><a href=\"https:\/\/www.hrservice.it\/hrapp\/dichiarazione-sulla-privacy-ue\/?cmplz_region_redirect=true\" target=\"_blank\">\u2022 Leggi l'informativa privacy prima di confermare la lettura<\/a>\n<\/p>\n\t\t<div class=\"cf7md-item cf7md-accept cf7md-is-wpcf7v5 mdc-layout-grid__cell mdc-layout-grid__cell--span-12\">\n\t\t\t\t\t\t\t<label class=\"cf7md-label cf7md-label--static\">Privacy<\/label>\n\t\t\t\t\t\t<br \/>\n<span class=\"wpcf7-form-control-wrap\" data-name=\"acceptance-878\"><span class=\"wpcf7-form-control wpcf7-acceptance\"><span class=\"wpcf7-list-item\"><input type=\"checkbox\" name=\"acceptance-878\" value=\"1\" aria-invalid=\"false\" \/><\/span><\/span><\/span><br \/>\n\t\t\t<label class=\"cf7md-accept-label\">Ho letto l'informativa sulla privacy\n<\/p>\n<p>e presto il consenso al trattamento dei dati<\/label>\n\t\t\t<div style=\"display: none;\" class=\"cf7md-checkbox-html\">\n\t\t\t\t<div class=\"mdc-checkbox__background\">\n\t\t\t\t\t<svg class=\"mdc-checkbox__checkmark\" viewBox=\"0 0 24 24\">\n\t\t\t\t\t\t<path class=\"mdc-checkbox__checkmark-path\" fill=\"none\" d=\"M1.73,12.91 8.1,19.28 22.79,4.59\"\/>\n\t\t\t\t\t<\/svg>\n\t\t\t\t\t<div class=\"mdc-checkbox__mixedmark\"><\/div>\n\t\t\t\t<\/div>\n\t\t\t<\/div>\n\t\t\t\t\t<\/div>\n\t\t\n<span class=\"wpcf7-form-control-wrap recaptcha\" data-name=\"recaptcha\"><span data-sitekey=\"6LfbDuQUAAAAAM0g6-qAtPQK_ICfHKRJBiO8p2C5\" class=\"wpcf7-form-control wpcf7-recaptcha g-recaptcha\"><\/span>\r\n<noscript>\r\n\t<div class=\"grecaptcha-noscript\">\r\n\t\t<iframe loading=\"lazy\" src=\"https:\/\/www.google.com\/recaptcha\/api\/fallback?k=6LfbDuQUAAAAAM0g6-qAtPQK_ICfHKRJBiO8p2C5\" frameborder=\"0\" scrolling=\"no\" width=\"310\" height=\"430\">\r\n\t\t<\/iframe>\r\n\t\t<textarea name=\"g-recaptcha-response\" rows=\"3\" cols=\"40\" placeholder=\"reCaptcha Response Here\">\r\n\t\t<\/textarea>\r\n\t<\/div>\r\n<\/noscript>\r\n<\/span>\n<p><input class=\"wpcf7-form-control wpcf7-cf7rfr_referrer cf7-rfr\" value=\"\" type=\"hidden\" name=\"cf7rfr_referrer-725\" \/>\n<\/p>\n\t\t<div class=\"cf7md-item cf7md-submit mdc-layout-grid__cell mdc-layout-grid__cell--span-12\" data-button-style=\"raised\">\n\t\t\t<br \/>\n<input class=\"wpcf7-form-control wpcf7-submit has-spinner\" type=\"submit\" value=\"Invia richiesta\" \/><br \/>\n\t\t\t<svg class=\"cf7md-spinner\" width=\"25px\" height=\"25px\" viewBox=\"0 0 66 66\" xmlns=\"http:\/\/www.w3.org\/2000\/svg\">\n\t\t\t\t<circle class=\"cf7md-spinner-path\" fill=\"none\" stroke-width=\"6\" stroke-linecap=\"round\" cx=\"33\" cy=\"33\" r=\"30\"><\/circle>\n\t\t\t<\/svg>\n\t\t<\/div>\n\t\t\n\t\t\t\t\t\t\t\t\t<\/div>\n\t\t\t<\/div>\n\t\t<\/div><p style=\"display: none !important;\" class=\"akismet-fields-container\" data-prefix=\"_wpcf7_ak_\"><label>&#916;<textarea name=\"_wpcf7_ak_hp_textarea\" cols=\"45\" rows=\"8\" maxlength=\"100\"><\/textarea><\/label><input type=\"hidden\" id=\"ak_js_1\" name=\"_wpcf7_ak_js\" value=\"132\"\/><script>document.getElementById( \"ak_js_1\" ).setAttribute( \"value\", ( new Date() ).getTime() );<\/script><\/p><div class=\"wpcf7-response-output\" aria-hidden=\"true\"><\/div>\n<\/form>\n<\/div>\n[\/vc_column][vc_column width=&#8221;1\/4&#8243;][\/vc_column][\/vc_row][\/vc_section][vc_section section_type=&#8221;content&#8221; content_type=&#8221;2&#8243; parallax_image_attachment=&#8221;inherit&#8221; el_id=&#8221;about&#8221;][\/vc_section]<\/p>\n","protected":false},"excerpt":{"rendered":"<p>[vc_section section_type=&#8221;hero&#8221; hero_type=&#8221;1&#8243; bg_class=&#8221;bg-tra&#8221; parallax_image_attachment=&#8221;inherit&#8221; padding_class=&#8221;&#8221;][vc_row content_placement=&#8221;&#8221; parallax_image_attachment=&#8221;inherit&#8221;][vc_column width=&#8221;1\/2&#8243; column_inner_style=&#8221;hero-txt&#8221; hero_txt_type=&#8221;1&#8243;][\/vc_column][vc_column width=&#8221;1\/2&#8243;][\/vc_column][\/vc_row][\/vc_section][vc_section section_type=&#8221;content&#8221; content_type=&#8221;2&#8243; parallax_image_attachment=&#8221;inherit&#8221; el_id=&#8221;about&#8221;][vc_row parallax_image_attachment=&#8221;inherit&#8221;][vc_column width=&#8221;6\/12&#8243;][\/vc_column][vc_column width=&#8221;1\/2&#8243;][\/vc_column][\/vc_row][\/vc_section][vc_section section_type=&#8221;content&#8221; content_type=&#8221;7&#8243; bg_class=&#8221;bg-lightgrey&#8221; parallax_image_attachment=&#8221;inherit&#8221; padding_class=&#8221;wide-10&#8243;][vc_row][vc_column width=&#8221;6\/12&#8243;][\/vc_column][vc_column width=&#8221;1\/12&#8243;][\/vc_column][vc_column width=&#8221;5\/12&#8243;][\/vc_column][\/vc_row][\/vc_section][vc_section section_type=&#8221;content&#8221; content_type=&#8221;2&#8243; parallax_image_attachment=&#8221;inherit&#8221;][vc_row parallax_image_attachment=&#8221;inherit&#8221;][vc_column width=&#8221;5\/12&#8243;][\/vc_column][vc_column width=&#8221;1\/12&#8243;][\/vc_column][vc_column width=&#8221;1\/2&#8243;][\/vc_column][\/vc_row][\/vc_section][vc_section section_type=&#8221;contacts&#8221; contacts_type=&#8221;2&#8243; bg_class=&#8221;bg-lightgrey&#8221; parallax_image_attachment=&#8221;inherit&#8221; padding_class=&#8221;wide-100&#8243; el_id=&#8221;freegreen&#8221;&#8230;<\/p>\n","protected":false},"author":2,"featured_media":0,"parent":0,"menu_order":0,"comment_status":"closed","ping_status":"closed","template":"","meta":{"footnotes":""},"_links":{"self":[{"href":"https:\/\/www.hrservice.it\/hrapp\/wp-json\/wp\/v2\/pages\/4206"}],"collection":[{"href":"https:\/\/www.hrservice.it\/hrapp\/wp-json\/wp\/v2\/pages"}],"about":[{"href":"https:\/\/www.hrservice.it\/hrapp\/wp-json\/wp\/v2\/types\/page"}],"author":[{"embeddable":true,"href":"https:\/\/www.hrservice.it\/hrapp\/wp-json\/wp\/v2\/users\/2"}],"replies":[{"embeddable":true,"href":"https:\/\/www.hrservice.it\/hrapp\/wp-json\/wp\/v2\/comments?post=4206"}],"version-history":[{"count":24,"href":"https:\/\/www.hrservice.it\/hrapp\/wp-json\/wp\/v2\/pages\/4206\/revisions"}],"predecessor-version":[{"id":4655,"href":"https:\/\/www.hrservice.it\/hrapp\/wp-json\/wp\/v2\/pages\/4206\/revisions\/4655"}],"wp:attachment":[{"href":"https:\/\/www.hrservice.it\/hrapp\/wp-json\/wp\/v2\/media?parent=4206"}],"curies":[{"name":"wp","href":"https:\/\/api.w.org\/{rel}","templated":true}]}}